 the ten thousands digit of 10135?
1
What is the thousands digit of 1620?
1
What is the hundreds digit of 2030?
0
What is the thousands digit of 1294?
1
What is the hundreds digit of 1746?
7
What is the hundreds digit of 44302?
3
What is the thousands digit of 21651?
1
What is the tens digit of 1567?
6
What is the tens digit of 251?
5
What is the tens digit of 21139?
3
What is the units digit of 39679?
9
What is the hundreds digit of 7661?
6
What is the thousands digit of 60151?
0
What is the thousands digit of 4917?
4
What is the hundreds digit of 1385?
3
What is the tens digit of 23955?
5
What is the hundreds digit of 752?
7
What is the thousands digit of 18355?
8
What is the units digit of 21317?
7
What is the units digit of 9706?
6
What is the thousands digit of 3785?
3
What is the hundreds digit of 79090?
0
What is the units digit of 119?
9
What is the hundreds digit of 1753?
7
What is the tens digit of 129?
2
What is the units digit of 15538?
8
What is the ten thousands digit of 115059?
1
What is the tens digit of 7607?
0
What is the tens digit of 724?
2
What is the hundreds digit of 254?
2
What is the tens digit of 4799?
9
What is the units digit of 983?
3
What is the hundreds digit of 216?
2
What is the hundreds digit of 67382?
3
What is the tens digit of 11554?
5
What is the units digit of 33855?
5
What is the ten thousands digit of 25760?
2
What is the tens digit of 161402?
0
What is the units digit of 11019?
9
What is the ten thousands digit of 23873?
2
What is the tens digit of 116?
1
What is the thousands digit of 4823?
4
What is the units digit of 4018?
8
What is the tens digit of 1072?
7
What is the tens digit of 32216?
1
What is the hundreds digit of 30176?
1
What is the hundreds digit of 28829?
8
What is the hundreds digit of 1023?
0
What is the units digit of 4003?
3
What is the ten thousands digit of 35293?
3
What is the units digit of 3448?
8
What is the units digit of 816?
6
What is the thousands digit of 10733?
0
What is the thousands digit of 11754?
1
What is the ten thousands digit of 85450?
8
What is the units digit of 6214?
4
What is the ten thousands digit of 61050?
6
What is the hundreds digit of 1518?
5
What is the tens digit of 66998?
9
What is the hundreds digit of 6044?
0
What is the hundreds digit of 3221?
2
What is the hundreds digit of 10498?
4
What is the thousands digit of 47353?
7
What is the units digit of 1374?
4
What is the thousands digit of 8287?
8
What is the thousands digit of 12416?
2
What is the tens digit of 1509?
0
What is the tens digit of 2939?
3
What is the tens digit of 1538?
3
What is the hundreds digit of 5798?
7
What is the tens digit of 21090?
9
What is the thousands digit of 3969?
3
What is the tens digit of 731?
3
What is the hundreds digit of 783?
7
What is the units digit of 59?
9
What is the tens digit of 73816?
1
What is the ten thousands digit of 15459?
1
What is the thousands digit of 17557?
7
What is the ten thousands digit of 79849?
7
What is the units digit of 49374?
4
What is the thousands digit of 41666?
1
What is the tens digit of 2375?
7
What is the thousands digit of 8750?
8
What is the hundreds digit of 228?
2
What is the tens digit of 46?
4
What is the units digit of 44485?
5
What is the hundreds digit of 1106?
1
What is the thousands digit of 1436?
1
What is the units digit of 106050?
0
What is the hundreds digit of 623?
6
What is the hundreds digit of 104153?
1
What is the ten thousands digit of 41745?
4
What is the ten thousands digit of 10243?
1
What is the thousands digit of 111603?
1
What is the thousands digit of 1945?
1
What is the hundreds digit of 35838?
8
What is the units digit of 11?
1
What is the units digit of 449?
9
What is the thousands digit of 3117?
3
What is the units digit of 3371?
1
What is the thousands digit of 25847?
5
What is the thousands digit of 165876?
5
What is the hundreds digit of 1235?
2
What is the units digit of 47801?
1
What is the units digit of 26980?
0
What is the tens digit of 3580?
8
What is the ten thousands digit of 14155?
1
What is the hundreds digit of 5734?
7
What is the hundreds digit of 4192?
1
What is the thousands digit of 12554?
2
What is the thousands digit of 6121?
6
What is the hundreds digit of 68061?
0
What is the hundreds digit of 3298?
2
What is the ten thousands digit of 28176?
2
What is the units digit of 115790?
0
What is the units digit of 517?
7
What is the ten thousands digit of 123684?
2
What is the hundreds digit of 1562?
5
What is the thousands digit of 5926?
5
What is the ten thousands digit of 44122?
4
What is the units digit of 10986?
6
What is the thousands digit of 6473?
6
What is the ten thousands digit of 23796?
2
What is the thousands digit of 63108?
3
What is the hundreds digit of 55420?
4
What is the thousands digit of 127853?
7
What is the units digit of 9?
9
What is the units digit of 103666?
6
What is the units digit of 1024?
4
What is the thousands digit of 8810?
8
What is the tens digit of 129?
2
What is the tens digit of 3741?
4
What is the thousands digit of 9786?
9
What is the tens digit of 4822?
2
What is the thousands digit of 1628?
1
What is the tens digit of 533?
3
What is the units digit of 754?
4
What is the units digit of 8355?
5
What is the units digit of 2063?
3
What is the tens digit of 73?
7
What is the hundreds digit of 982?
9
What is the units digit of 811?
1
What is the thousands digit of 2167?
2
What is the units digit of 23972?
2
What is the thousands digit of 8662?
8
What is the thousands digit of 44719?
4
What is the units digit of 582?
2
What is the hundreds digit of 7423?
4
What is the units digit of 944?
4
What is the units digit of 9071?
1
What is the units digit of 433?
3
What is the hundreds digit of 7406?
4
What is the tens digit of 63741?
4
What is the tens digit of 2245?
4
What is the tens digit of 4846?
4
What is the units digit of 1731?
1
What is the hundreds digit of 20238?
2
What is the units digit of 4729?
9
What is the units digit of 49826?
6
What is the thousands digit of 3758?
3
What is the units digit of 2979?
9
What is the hundreds digit of 860?
8
What is the thousands digit of 1082?
1
What is the thousands digit of 1082?
1
What is the tens digit of 318?
1
What is the ten thousands digit of 83214?
8
What is the hundreds digit of 59159?
1
What is the thousands digit of 1340?
1
What is the hundreds digit of 3787?
7
What is the units digit of 18825?
5
What is the thousands digit of 3848?
3
What is the tens digit of 1143?
4
What is the hundreds digit of 442?
4
What is the tens digit of 5593?
9
What is the hundreds digit of 37073?
0
What is the thousands digit of 7974?
7
What is the units digit of 88?
8
What is the tens digit of 4432?
3
What is the hundreds digit of 18748?
7
What is the hundreds digit of 2334?
3
What is the units digit of 1375?
5
What is the units digit of 4111?
1
What is the hundreds digit of 51592?
5
What is the tens digit of 4554?
5
What is the thousands digit of 18317?
8
What is the units digit of 3571?
1
What is the hundreds digit of 99758?
7
What is the tens digit of 1485?
8
What is the thousands digit of 48514?
8
What is the units digit of 1514?
4
What is the tens digit of 53376?
7
What is the units digit of 5895?
5
What is the tens digit of 6505?
0
What is the tens digit of 434?
3
What is the thousands digit of 7384?
7
What is the thousands digit of 17143?
7
What is the units digit of 1361?
1
What is the units digit of 164?
4
What is the tens digit of 6368?
6
What is the units digit of 440?
0
What is the units digit of 78?
8
What is the thousands digit of 9400?
9
What is the units digit of 64506?
6
What is the thousands digit of 54351?
4
What is the units digit of 84580?
0
What is the hundreds digit of 752?
7
What is the tens digit of 1662?
6
What is the tens digit of 12524?
2
What is the ten thousands digit of 66402?
6
What is the tens digit of 13956?
5
What is the tens digit of 1099?
9
What is the thousands digit of 2016?
2
What is the tens digit of 7170?
7
What is the tens digit of 7108?
0
What is the hundreds digit of 206?
2
What is the tens digit of 53048?
4
What is the thousands digit of 21076?
1
What is the tens digit of 36469?
6
What is the hundreds digit of 5377?
3
What is the thousands digit of 3834?
3
What is the 